{"id":7144,"date":"2021-10-13T11:51:18","date_gmt":"2021-10-13T11:51:18","guid":{"rendered":"https:\/\/erasmusplus.al\/?page_id=7144"},"modified":"2022-02-18T18:14:14","modified_gmt":"2022-02-18T18:14:14","slug":"projekte","status":"publish","type":"page","link":"https:\/\/erasmusplus.al\/?page_id=7144&lang=sq","title":{"rendered":"Projekte"},"content":{"rendered":"<p>[et_pb_section fb_built=&#8221;1&#8243; admin_label=&#8221;section&#8221; _builder_version=&#8221;4.14.8&#8243; hover_enabled=&#8221;0&#8243; global_colors_info=&#8221;{}&#8221; top_divider_style=&#8221;slant2&#8243; top_divider_color=&#8221;#0C71C3&#8243; bottom_divider_style=&#8221;slant2&#8243; bottom_divider_color=&#8221;#0C71C3&#8243; sticky_enabled=&#8221;0&#8243;][et_pb_row _builder_version=&#8221;4.14.8&#8243; _module_preset=&#8221;default&#8221; custom_padding=&#8221;||27px|||&#8221;][et_pb_column _builder_version=&#8221;4.14.8&#8243; _module_preset=&#8221;default&#8221; type=&#8221;4_4&#8243;][et_pb_image src=&#8221;https:\/\/erasmusplus.al\/wp-content\/uploads\/2021\/10\/partners.jpg&#8221; _builder_version=&#8221;4.14.8&#8243; _module_preset=&#8221;default&#8221; title_text=&#8221;partners&#8221; align=&#8221;center&#8221; hover_enabled=&#8221;0&#8243; sticky_enabled=&#8221;0&#8243;][\/et_pb_image][et_pb_text _builder_version=&#8221;4.14.8&#8243; _module_preset=&#8221;default&#8221; text_font=&#8221;Adamina||||||||&#8221; text_text_color=&#8221;#000000&#8243; text_font_size=&#8221;18px&#8221; text_line_height=&#8221;1.8em&#8221; hover_enabled=&#8221;0&#8243; sticky_enabled=&#8221;0&#8243;]<\/p>\n<p style=\"text-align: left;\"><strong><span style=\"color: #003366;\">P\u00cbRMBLEDHJE <\/span><\/strong><\/p>\n<p><span>Zyra Komb\u00ebtare Erasmus+ n\u00eb Shqip\u00ebri punon s\u00eb bashku me t\u00eb ndryshme komb\u00ebtare dhe partner\u00ebt nd\u00ebrkomb\u00ebtar\u00eb. K\u00ebta partner\u00eb luajn\u00eb nj\u00eb rol vendimtar n\u00eb aktivitetet e ndryshme t\u00eb organizuara promovojn\u00eb programin Erasmus+, p\u00ebr t\u00eb inkurajuar student\u00ebt dhe profesor\u00ebt q\u00eb t\u00eb aplikojn\u00eb n\u00eb program, p\u00ebr t\u00eb organizuar seminare n\u00eb lidhje me sistemin e arsimit t\u00eb lart\u00eb etj. <\/span><\/p>\n<p><strong><span style=\"color: #000080;\">Partner\u00ebt Komb\u00ebtar <\/span><\/strong><\/p>\n<p><span>Ministria e Arsimit Sportit dhe Rinis\u00eb<br \/>HERE(Ekspert\u00ebt e Reform\u00ebs s\u00eb Arsimit t\u00eb Lart\u00eb)<br \/><\/span><span>ESN Albania (Erasmus Student Network Albania)<br \/>WBAA (Shoqata e Alumnive t\u00eb Ballkanit Per\u00ebndimor) <\/span><\/p>\n<p><strong><span style=\"color: #000080;\">Partner\u00ebt Nd\u00ebrkomb\u00ebtar\u00eb <\/span><\/strong><\/p>\n<p><span>Agjencia EACEA (Agjencia Ekzekutive Evropiane e Arsimit dhe Kultur\u00ebs)<br \/><\/span><span>Delegacioni i BE-s\u00eb<br \/>NEOs &amp;Agjencit\u00eb Erasmus+<\/span><\/p>\n<p>[\/et_pb_text][\/et_pb_column][\/et_pb_row][\/et_pb_section]<\/p>\n","protected":false},"excerpt":{"rendered":"<p>P\u00cbRMBLEDHJE Zyra Komb\u00ebtare Erasmus+ n\u00eb Shqip\u00ebri punon s\u00eb bashku me t\u00eb ndryshme komb\u00ebtare dhe partner\u00ebt nd\u00ebrkomb\u00ebtar\u00eb. K\u00ebta partner\u00eb luajn\u00eb nj\u00eb rol vendimtar n\u00eb aktivitetet e ndryshme t\u00eb organizuara promovojn\u00eb programin Erasmus+, p\u00ebr t\u00eb inkurajuar student\u00ebt dhe profesor\u00ebt q\u00eb t\u00eb aplikojn\u00eb n\u00eb program, p\u00ebr t\u00eb organizuar seminare n\u00eb lidhje me sistemin e arsimit t\u00eb lart\u00eb etj. [&hellip;]<\/p>\n","protected":false},"author":2,"featured_media":0,"parent":0,"menu_order":0,"comment_status":"closed","ping_status":"closed","template":"","meta":{"_acf_changed":false,"_et_pb_use_builder":"on","_et_pb_old_content":"test projekte","_et_gb_content_width":"","footnotes":""},"class_list":["post-7144","page","type-page","status-publish","hentry"],"acf":[],"_links":{"self":[{"href":"https:\/\/erasmusplus.al\/index.php?rest_route=\/wp\/v2\/pages\/7144","targetHints":{"allow":["GET"]}}],"collection":[{"href":"https:\/\/erasmusplus.al\/index.php?rest_route=\/wp\/v2\/pages"}],"about":[{"href":"https:\/\/erasmusplus.al\/index.php?rest_route=\/wp\/v2\/types\/page"}],"author":[{"embeddable":true,"href":"https:\/\/erasmusplus.al\/index.php?rest_route=\/wp\/v2\/users\/2"}],"replies":[{"embeddable":true,"href":"https:\/\/erasmusplus.al\/index.php?rest_route=%2Fwp%2Fv2%2Fcomments&post=7144"}],"version-history":[{"count":3,"href":"https:\/\/erasmusplus.al\/index.php?rest_route=\/wp\/v2\/pages\/7144\/revisions"}],"predecessor-version":[{"id":8060,"href":"https:\/\/erasmusplus.al\/index.php?rest_route=\/wp\/v2\/pages\/7144\/revisions\/8060"}],"wp:attachment":[{"href":"https:\/\/erasmusplus.al\/index.php?rest_route=%2Fwp%2Fv2%2Fmedia&parent=7144"}],"curies":[{"name":"wp","href":"https:\/\/api.w.org\/{rel}","templated":true}]}}