{"id":7163,"date":"2021-10-18T09:34:56","date_gmt":"2021-10-18T09:34:56","guid":{"rendered":"https:\/\/erasmusplus.al\/?page_id=7163"},"modified":"2022-02-18T17:46:55","modified_gmt":"2022-02-18T17:46:55","slug":"rreth-nesh","status":"publish","type":"page","link":"https:\/\/erasmusplus.al\/?page_id=7163&lang=sq","title":{"rendered":"Rreth Nesh"},"content":{"rendered":"<p>[et_pb_section fb_built=&#8221;1&#8243; _builder_version=&#8221;4.14.8&#8243; _module_preset=&#8221;default&#8221; hover_enabled=&#8221;0&#8243; global_colors_info=&#8221;{}&#8221; top_divider_style=&#8221;slant2&#8243; top_divider_color=&#8221;#0C71C3&#8243; bottom_divider_style=&#8221;slant2&#8243; bottom_divider_color=&#8221;#0C71C3&#8243; sticky_enabled=&#8221;0&#8243;][et_pb_row _builder_version=&#8221;4.11.4&#8243; _module_preset=&#8221;default&#8221; global_colors_info=&#8221;{}&#8221;][et_pb_column type=&#8221;4_4&#8243; _builder_version=&#8221;4.11.4&#8243; _module_preset=&#8221;default&#8221; global_colors_info=&#8221;{}&#8221;][et_pb_text _builder_version=&#8221;4.14.8&#8243; _module_preset=&#8221;default&#8221; background_enable_image=&#8221;off&#8221; hover_enabled=&#8221;0&#8243; global_colors_info=&#8221;{}&#8221; text_font=&#8221;Adamina||||||||&#8221; text_text_color=&#8221;#000000&#8243; text_font_size=&#8221;15px&#8221; text_line_height=&#8221;1.8em&#8221; header_3_font=&#8221;Adamina|700|||||||&#8221; sticky_enabled=&#8221;0&#8243;]<\/p>\n<h3><span style=\"color: #000080;\"><strong>\u00c7far\u00eb \u00ebsht\u00eb Zyra Erasmus+?<\/strong><\/span><\/h3>\n<p><span style=\"color: #000000;\"><strong><\/strong><\/span><\/p>\n<p><span style=\"color: #000000;\">Duke filluar nga viti 2014, Zyrat Komb\u00ebtare Tempus u shnd\u00ebrruan n\u00eb Zyr\u00ebn Komb\u00ebtare Erasmus+ (NEO).<\/span><\/p>\n<p><span style=\"color: #000000;\">Zyra Komb\u00ebtare Erasmus+ (NEO) asiston Komisionin, Agjencin\u00eb Ekzekutive dhe autoritetet lokale n\u00eb zbatimin e Programit Erasmus+. \u00cbsht\u00eb pika qendrore n\u00eb Shqip\u00ebri p\u00ebr pal\u00ebt e ineteresuara, t\u00eb p\u00ebrfshir\u00eb n\u00eb Programin Erasmus+ n\u00eb fush\u00ebn e arsimit t\u00eb lart\u00eb. Zyra kontribuon n\u00eb p\u00ebrmir\u00ebsimin e nd\u00ebrgjegj\u00ebsimit, dukshm\u00ebris\u00eb, r\u00ebnd\u00ebsis\u00eb, efektivitetit dhe ndikimit t\u00eb dimensionit nd\u00ebrkomb\u00ebtar t\u00eb Erasmus+.<\/span><\/p>\n<p><span style=\"color: #000000;\">Zyra Komb\u00ebtare Erasmus+ \u00ebsht\u00eb p\u00ebrgjegj\u00ebse p\u00ebr:<\/span><\/p>\n<ul>\n<li><span style=\"color: #000000;\">Ofrimin e informacionit p\u00ebr aktivitetet Erasmus+ q\u00eb jan\u00eb t\u00eb hapura p\u00ebr pjes\u00ebmarrjen (p\u00ebrfshir\u00eb n\u00eb fushat e arsimit t\u00eb lart\u00eb, rinis\u00eb dhe VET-it, aty ku \u00ebsht\u00eb e p\u00ebrshtatshme);<\/span><\/li>\n<li><span style=\"color: #000000;\">K\u00ebshillimin dhe ndihm\u00ebn ndaj aplikant\u00ebve t\u00eb mundsh\u00ebm;<\/span><\/li>\n<li><span style=\"color: #000000;\">Koordinimni e ekipit vendor t\u00eb Ekspert\u00ebve t\u00eb Reform\u00ebs n\u00eb Arsimin e Lart\u00eb (HERE);<\/span><\/li>\n<li><span style=\"color: #000000;\">Kontributin n\u00eb studime dhe evente;<\/span><\/li>\n<li><span style=\"color: #000000;\">Ofrimin e mb\u00ebshtetjes p\u00ebr dialogun politik;<\/span><\/li>\n<li><span style=\"color: #000000;\">Mbajtjen e kontakteve me autoritetet lokale dhe delegacionin e BE-s\u00eb;<\/span><\/li>\n<li><span style=\"color: #000000;\">Ndjekjen zhvillimeve e politikave n\u00eb fush\u00ebn e arsimit t\u00eb lart\u00eb n\u00eb vendin e ton\u00eb.<\/span><\/li>\n<\/ul>\n<p><span style=\"color: #000000;\">Klikoni linkun p\u00ebr m\u00eb shum\u00eb informacion rreth udh\u00ebzuesit t\u00eb programit (2021-2027):<\/span><\/p>\n<p><a href=\"https:\/\/erasmus-plus.ec.europa.eu\/programme-guide\/erasmus-programme-guide\">https:\/\/erasmus-plus.ec.europa.eu\/programme-guide\/erasmus-programme-guide<\/a><\/p>\n<p>[\/et_pb_text][\/et_pb_column][\/et_pb_row][\/et_pb_section]<\/p>\n","protected":false},"excerpt":{"rendered":"<p>\u00c7far\u00eb \u00ebsht\u00eb Zyra Erasmus+? Duke filluar nga viti 2014, Zyrat Komb\u00ebtare Tempus u shnd\u00ebrruan n\u00eb Zyr\u00ebn Komb\u00ebtare Erasmus+ (NEO). Zyra Komb\u00ebtare Erasmus+ (NEO) asiston Komisionin, Agjencin\u00eb Ekzekutive dhe autoritetet lokale n\u00eb zbatimin e Programit Erasmus+. \u00cbsht\u00eb pika qendrore n\u00eb Shqip\u00ebri p\u00ebr pal\u00ebt e ineteresuara, t\u00eb p\u00ebrfshir\u00eb n\u00eb Programin Erasmus+ n\u00eb fush\u00ebn e arsimit t\u00eb lart\u00eb. [&hellip;]<\/p>\n","protected":false},"author":2,"featured_media":0,"parent":0,"menu_order":0,"comment_status":"closed","ping_status":"closed","template":"","meta":{"_acf_changed":false,"_et_pb_use_builder":"on","_et_pb_old_content":"","_et_gb_content_width":"","footnotes":""},"class_list":["post-7163","page","type-page","status-publish","hentry"],"acf":[],"_links":{"self":[{"href":"https:\/\/erasmusplus.al\/index.php?rest_route=\/wp\/v2\/pages\/7163","targetHints":{"allow":["GET"]}}],"collection":[{"href":"https:\/\/erasmusplus.al\/index.php?rest_route=\/wp\/v2\/pages"}],"about":[{"href":"https:\/\/erasmusplus.al\/index.php?rest_route=\/wp\/v2\/types\/page"}],"author":[{"embeddable":true,"href":"https:\/\/erasmusplus.al\/index.php?rest_route=\/wp\/v2\/users\/2"}],"replies":[{"embeddable":true,"href":"https:\/\/erasmusplus.al\/index.php?rest_route=%2Fwp%2Fv2%2Fcomments&post=7163"}],"version-history":[{"count":6,"href":"https:\/\/erasmusplus.al\/index.php?rest_route=\/wp\/v2\/pages\/7163\/revisions"}],"predecessor-version":[{"id":8046,"href":"https:\/\/erasmusplus.al\/index.php?rest_route=\/wp\/v2\/pages\/7163\/revisions\/8046"}],"wp:attachment":[{"href":"https:\/\/erasmusplus.al\/index.php?rest_route=%2Fwp%2Fv2%2Fmedia&parent=7163"}],"curies":[{"name":"wp","href":"https:\/\/api.w.org\/{rel}","templated":true}]}}

<p>[et_pb_section fb_built=&#8221;1&#8243; _builder_version=&#8221;4.14.8&#8243; _module_preset=&#8221;default&#8221; hover_enabled=&#8221;0&#8243; global_colors_info=&#8221;{}&#8221; top_divider_style=&#8221;slant2&#8243; top_divider_color=&#8221;#0C71C3&#8243; bottom_divider_style=&#8221;slant2&#8243; bottom_divider_color=&#8221;#0C71C3&#8243; sticky_enabled=&#8221;0&#8243;][et_pb_row _builder_version=&#8221;4.11.4&#8243; _module_preset=&#8221;default&#8221; global_colors_info=&#8221;{}&#8221;][et_pb_column type=&#8221;4_4&#8243; _builder_version=&#8221;4.11.4&#8243; _module_preset=&#8221;default&#8221; global_colors_info=&#8221;{}&#8221;][et_pb_text _builder_version=&#8221;4.14.8&#8243; _module_preset=&#8221;default&#8221; background_enable_image=&#8221;off&#8221; hover_enabled=&#8221;0&#8243; global_colors_info=&#8221;{}&#8221; text_font=&#8221;Adamina||||||||&#8221; text_text_color=&#8221;#000000&#8243; text_font_size=&#8221;15px&#8221; text_line_height=&#8221;1.8em&#8221; header_3_font=&#8221;Adamina|700|||||||&#8221; sticky_enabled=&#8221;0&#8243;]</p>
<h3><span style="color: #000080;"><strong>Çfarë është Zyra Erasmus+?</strong></span></h3>
<p><span style="color: #000000;"><strong></strong></span></p>
<p><span style="color: #000000;">Duke filluar nga viti 2014, Zyrat Kombëtare Tempus u shndërruan në Zyrën Kombëtare Erasmus+ (NEO).</span></p>
<p><span style="color: #000000;">Zyra Kombëtare Erasmus+ (NEO) asiston Komisionin, Agjencinë Ekzekutive dhe autoritetet lokale në zbatimin e Programit Erasmus+. Është pika qendrore në Shqipëri për palët e ineteresuara, të përfshirë në Programin Erasmus+ në fushën e arsimit të lartë. Zyra kontribuon në përmirësimin e ndërgjegjësimit, dukshmërisë, rëndësisë, efektivitetit dhe ndikimit të dimensionit ndërkombëtar të Erasmus+.</span></p>
<p><span style="color: #000000;">Zyra Kombëtare Erasmus+ është përgjegjëse për:</span></p>
<ul>
<li><span style="color: #000000;">Ofrimin e informacionit për aktivitetet Erasmus+ që janë të hapura për pjesëmarrjen (përfshirë në fushat e arsimit të lartë, rinisë dhe VET-it, aty ku është e përshtatshme);</span></li>
<li><span style="color: #000000;">Këshillimin dhe ndihmën ndaj aplikantëve të mundshëm;</span></li>
<li><span style="color: #000000;">Koordinimni e ekipit vendor të Ekspertëve të Reformës në Arsimin e Lartë (HERE);</span></li>
<li><span style="color: #000000;">Kontributin në studime dhe evente;</span></li>
<li><span style="color: #000000;">Ofrimin e mbështetjes për dialogun politik;</span></li>
<li><span style="color: #000000;">Mbajtjen e kontakteve me autoritetet lokale dhe delegacionin e BE-së;</span></li>
<li><span style="color: #000000;">Ndjekjen zhvillimeve e politikave në fushën e arsimit të lartë në vendin e tonë.</span></li>
</ul>
<p><span style="color: #000000;">Klikoni linkun për më shumë informacion rreth udhëzuesit të programit (2021-2027):</span></p>
<p><a href="https://erasmus-plus.ec.europa.eu/programme-guide/erasmus-programme-guide">https://erasmus-plus.ec.europa.eu/programme-guide/erasmus-programme-guide</a></p>
<p>[/et_pb_text][/et_pb_column][/et_pb_row][/et_pb_section]</p>

<p>Çfarë është Zyra Erasmus+? Duke filluar nga viti 2014, Zyrat Kombëtare Tempus u shndërruan në Zyrën Kombëtare Erasmus+ (NEO). Zyra Kombëtare Erasmus+ (NEO) asiston Komisionin, Agjencinë Ekzekutive dhe autoritetet lokale në zbatimin e Programit Erasmus+. Është pika qendrore në Shqipëri për palët e ineteresuara, të përfshirë në Programin Erasmus+ në fushën e arsimit të lartë. [&hellip;]</p>
