{"id":8074,"date":"2022-02-18T18:50:39","date_gmt":"2022-02-18T18:50:39","guid":{"rendered":"https:\/\/erasmusplus.al\/?page_id=8074"},"modified":"2022-02-18T19:09:53","modified_gmt":"2022-02-18T19:09:53","slug":"erasmus-2021-2027-e-re","status":"publish","type":"page","link":"https:\/\/erasmusplus.al\/?page_id=8074","title":{"rendered":"Erasmus+ 2021-2027 (E RE)"},"content":{"rendered":"<p>[et_pb_section fb_built=&#8221;1&#8243; theme_builder_area=&#8221;post_content&#8221; _builder_version=&#8221;4.14.8&#8243; _module_preset=&#8221;default&#8221; top_divider_style=&#8221;slant2&#8243; top_divider_color=&#8221;#0C71C3&#8243; bottom_divider_style=&#8221;slant2&#8243; bottom_divider_color=&#8221;#0C71C3&#8243; hover_enabled=&#8221;0&#8243; sticky_enabled=&#8221;0&#8243;][et_pb_row _builder_version=&#8221;4.14.8&#8243; _module_preset=&#8221;default&#8221; theme_builder_area=&#8221;post_content&#8221;][et_pb_column _builder_version=&#8221;4.14.8&#8243; _module_preset=&#8221;default&#8221; type=&#8221;4_4&#8243; theme_builder_area=&#8221;post_content&#8221;][et_pb_text _builder_version=&#8221;4.14.8&#8243; _module_preset=&#8221;default&#8221; theme_builder_area=&#8221;post_content&#8221; text_font=&#8221;Adamina||||||||&#8221; text_text_color=&#8221;#000000&#8243; text_font_size=&#8221;16px&#8221; text_line_height=&#8221;1.8em&#8221; header_font=&#8221;Adamina|700|||||||&#8221; header_text_color=&#8221;#0C71C3&#8243; hover_enabled=&#8221;0&#8243; sticky_enabled=&#8221;0&#8243;]<\/p>\n<h1>\u00c7far\u00eb \u00ebsht\u00eb Erasmus+?<\/h1>\n<p>Erasmus+ \u00ebsht\u00eb programi i BE-s\u00eb p\u00ebr t\u00eb mb\u00ebshtetur arsimin e lart\u00eb, arsimin profesional dhe trajnimet, rinin\u00eb dhe sport n\u00eb Evrop\u00eb. Ai ka nj\u00eb buxhet t\u00eb vler\u00ebsuar prej 26.2 miliard\u00eb euro i cili \u00ebsht\u00eb gati dyfishi i financimit krahasuar me programin e tij paraardh\u00ebs (2014-2020).<\/p>\n<p>Programi 2021-2027 vendos n\u00eb fokus p\u00ebrfshirjen sociale, mjedisin, dixhitalizimin dhe promovimin e pjes\u00ebmarrjes s\u00eb t\u00eb rinjve n\u00eb jet\u00ebn demokratike.<\/p>\n<p>Ai mb\u00ebshtet prioritetet dhe aktivitetet e p\u00ebrcaktuara n\u00eb Zon\u00ebn Evropiane t\u00eb Arsimit, Planin e Veprimit t\u00eb Arsimit Dixhital dhe Axhend\u00ebn Evropiane t\u00eb Aft\u00ebsive. Programi gjithashtu:<\/p>\n<ul>\n<li>mb\u00ebshtet Shtyll\u00ebn Evropiane t\u00eb t\u00eb Drejtave Sociale<\/li>\n<li>zbaton Strategjin\u00eb e BE-s\u00eb p\u00ebr Rinin\u00eb 2019-2027<\/li>\n<li>zhvillon dimensionin evropian n\u00eb sport<\/li>\n<\/ul>\n<h1>Mund\u00ebsit\u00eb<\/h1>\n<p>Erasmus+ ofron mund\u00ebsi mobiliteti dhe bashk\u00ebpunimi n\u00eb:<\/p>\n<ul>\n<li>arsimin e lart\u00eb<\/li>\n<li>arsimit dhe formimit profesional<\/li>\n<li>rinin\u00eb<\/li>\n<li>sport<\/li>\n<\/ul>\n<p>Informacioni m\u00eb t\u00eb detajuar mbi k\u00ebto mund\u00ebsi, duke p\u00ebrfshir\u00eb kriteret e p\u00ebrshtatshm\u00ebris\u00eb, mund ta gjeni n\u00eb <a href=\"https:\/\/erasmus-plus.ec.europa.eu\/programme-guide\/erasmusplus-programme-guide\" target=\"_blank\" rel=\"noopener\">Udh\u00ebzuesin e Programit Erasmus+<\/a>.<\/p>\n<h1>Thirrja p\u00ebr Propozime 2022<\/h1>\n<p>Thirrja p\u00ebr Propozime p\u00ebr vitin 2022 jan\u00eb publikuar. Thirrja p\u00ebrfshin nj\u00eb s\u00ebr\u00eb mund\u00ebsish nd\u00ebrkomb\u00ebtare.<br \/>P\u00ebr m\u00eb shum\u00eb informacion mbi k\u00ebto mund\u00ebsi, ju lutemi klikoni lidhjen e m\u00ebposhtme:<a href=\"https:\/\/erasmus-plus.ec.europa.eu\/\u2026\/accessing-erasmus\u2026\">https:\/\/erasmus-plus.ec.europa.eu\/\u2026\/accessing-erasmus\u2026<\/a><\/p>\n<p>Udh\u00ebzuesi i Programit 2022 \u00ebsht\u00eb i disponuesh\u00ebm k\u00ebtu: <a href=\"https:\/\/erasmus-plus.ec.europa.eu\/\u2026\/erasmusplus\u2026\">https:\/\/erasmus-plus.ec.europa.eu\/\u2026\/erasmusplus\u2026<\/a><\/p>\n<p>[\/et_pb_text][\/et_pb_column][\/et_pb_row][\/et_pb_section]<\/p>\n","protected":false},"excerpt":{"rendered":"<p>\u00c7far\u00eb \u00ebsht\u00eb Erasmus+? Erasmus+ \u00ebsht\u00eb programi i BE-s\u00eb p\u00ebr t\u00eb mb\u00ebshtetur arsimin e lart\u00eb, arsimin profesional dhe trajnimet, rinin\u00eb dhe sport n\u00eb Evrop\u00eb. Ai ka nj\u00eb buxhet t\u00eb vler\u00ebsuar prej 26.2 miliard\u00eb euro i cili \u00ebsht\u00eb gati dyfishi i financimit krahasuar me programin e tij paraardh\u00ebs (2014-2020). Programi 2021-2027 vendos n\u00eb fokus p\u00ebrfshirjen sociale, mjedisin, [&hellip;]<\/p>\n","protected":false},"author":2,"featured_media":0,"parent":0,"menu_order":0,"comment_status":"closed","ping_status":"closed","template":"","meta":{"_acf_changed":false,"_et_pb_use_builder":"on","_et_pb_old_content":"","_et_gb_content_width":"","footnotes":""},"class_list":["post-8074","page","type-page","status-publish","hentry"],"acf":[],"_links":{"self":[{"href":"https:\/\/erasmusplus.al\/index.php?rest_route=\/wp\/v2\/pages\/8074","targetHints":{"allow":["GET"]}}],"collection":[{"href":"https:\/\/erasmusplus.al\/index.php?rest_route=\/wp\/v2\/pages"}],"about":[{"href":"https:\/\/erasmusplus.al\/index.php?rest_route=\/wp\/v2\/types\/page"}],"author":[{"embeddable":true,"href":"https:\/\/erasmusplus.al\/index.php?rest_route=\/wp\/v2\/users\/2"}],"replies":[{"embeddable":true,"href":"https:\/\/erasmusplus.al\/index.php?rest_route=%2Fwp%2Fv2%2Fcomments&post=8074"}],"version-history":[{"count":3,"href":"https:\/\/erasmusplus.al\/index.php?rest_route=\/wp\/v2\/pages\/8074\/revisions"}],"predecessor-version":[{"id":8079,"href":"https:\/\/erasmusplus.al\/index.php?rest_route=\/wp\/v2\/pages\/8074\/revisions\/8079"}],"wp:attachment":[{"href":"https:\/\/erasmusplus.al\/index.php?rest_route=%2Fwp%2Fv2%2Fmedia&parent=8074"}],"curies":[{"name":"wp","href":"https:\/\/api.w.org\/{rel}","templated":true}]}}

<p>[et_pb_section fb_built=&#8221;1&#8243; theme_builder_area=&#8221;post_content&#8221; _builder_version=&#8221;4.14.8&#8243; _module_preset=&#8221;default&#8221; top_divider_style=&#8221;slant2&#8243; top_divider_color=&#8221;#0C71C3&#8243; bottom_divider_style=&#8221;slant2&#8243; bottom_divider_color=&#8221;#0C71C3&#8243; hover_enabled=&#8221;0&#8243; sticky_enabled=&#8221;0&#8243;][et_pb_row _builder_version=&#8221;4.14.8&#8243; _module_preset=&#8221;default&#8221; theme_builder_area=&#8221;post_content&#8221;][et_pb_column _builder_version=&#8221;4.14.8&#8243; _module_preset=&#8221;default&#8221; type=&#8221;4_4&#8243; theme_builder_area=&#8221;post_content&#8221;][et_pb_text _builder_version=&#8221;4.14.8&#8243; _module_preset=&#8221;default&#8221; theme_builder_area=&#8221;post_content&#8221; text_font=&#8221;Adamina||||||||&#8221; text_text_color=&#8221;#000000&#8243; text_font_size=&#8221;16px&#8221; text_line_height=&#8221;1.8em&#8221; header_font=&#8221;Adamina|700|||||||&#8221; header_text_color=&#8221;#0C71C3&#8243; hover_enabled=&#8221;0&#8243; sticky_enabled=&#8221;0&#8243;]</p>
<h1>Çfarë është Erasmus+?</h1>
<p>Erasmus+ është programi i BE-së për të mbështetur arsimin e lartë, arsimin profesional dhe trajnimet, rininë dhe sport në Evropë. Ai ka një buxhet të vlerësuar prej 26.2 miliardë euro i cili është gati dyfishi i financimit krahasuar me programin e tij paraardhës (2014-2020).</p>
<p>Programi 2021-2027 vendos në fokus përfshirjen sociale, mjedisin, dixhitalizimin dhe promovimin e pjesëmarrjes së të rinjve në jetën demokratike.</p>
<p>Ai mbështet prioritetet dhe aktivitetet e përcaktuara në Zonën Evropiane të Arsimit, Planin e Veprimit të Arsimit Dixhital dhe Axhendën Evropiane të Aftësive. Programi gjithashtu:</p>
<ul>
<li>mbështet Shtyllën Evropiane të të Drejtave Sociale</li>
<li>zbaton Strategjinë e BE-së për Rininë 2019-2027</li>
<li>zhvillon dimensionin evropian në sport</li>
</ul>
<h1>Mundësitë</h1>
<p>Erasmus+ ofron mundësi mobiliteti dhe bashkëpunimi në:</p>
<ul>
<li>arsimin e lartë</li>
<li>arsimit dhe formimit profesional</li>
<li>rininë</li>
<li>sport</li>
</ul>
<p>Informacioni më të detajuar mbi këto mundësi, duke përfshirë kriteret e përshtatshmërisë, mund ta gjeni në <a href="https://erasmus-plus.ec.europa.eu/programme-guide/erasmusplus-programme-guide" target="_blank" rel="noopener">Udhëzuesin e Programit Erasmus+</a>.</p>
<h1>Thirrja për Propozime 2022</h1>
<p>Thirrja për Propozime për vitin 2022 janë publikuar. Thirrja përfshin një sërë mundësish ndërkombëtare.<br />Për më shumë informacion mbi këto mundësi, ju lutemi klikoni lidhjen e mëposhtme:<a href="https://erasmus-plus.ec.europa.eu/…/accessing-erasmus…">https://erasmus-plus.ec.europa.eu/…/accessing-erasmus…</a></p>
<p>Udhëzuesi i Programit 2022 është i disponueshëm këtu: <a href="https://erasmus-plus.ec.europa.eu/…/erasmusplus…">https://erasmus-plus.ec.europa.eu/…/erasmusplus…</a></p>
<p>[/et_pb_text][/et_pb_column][/et_pb_row][/et_pb_section]</p>

<p>Çfarë është Erasmus+? Erasmus+ është programi i BE-së për të mbështetur arsimin e lartë, arsimin profesional dhe trajnimet, rininë dhe sport në Evropë. Ai ka një buxhet të vlerësuar prej 26.2 miliardë euro i cili është gati dyfishi i financimit krahasuar me programin e tij paraardhës (2014-2020). Programi 2021-2027 vendos në fokus përfshirjen sociale, mjedisin, [&hellip;]</p>
